is the hundred thousands digit of 18445699?
4
What is the thousands digit of 1186002?
6
What is the tens digit of 59022?
2
What is the hundred thousands digit of 4103716?
1
What is the thousands digit of 25708402?
8
What is the hundred thousands digit of 726792?
7
What is the hundred thousands digit of 644273?
6
What is the thousands digit of 746691?
6
What is the ten thousands digit of 1170709?
7
What is the thousands digit of 2792278?
2
What is the millions digit of 3676064?
3
What is the tens digit of 1032663?
6
What is the thousands digit of 5987026?
7
What is the units digit of 375701?
1
What is the hundreds digit of 446747?
7
What is the units digit of 1528861?
1
What is the hundreds digit of 3312824?
8
What is the hundreds digit of 1839710?
7
What is the tens digit of 1361067?
6
What is the units digit of 677592?
2
What is the units digit of 19351513?
3
What is the units digit of 203406?
6
What is the thousands digit of 5394740?
4
What is the thousands digit of 529842?
9
What is the thousands digit of 406836?
6
What is the millions digit of 1032277?
1
What is the tens digit of 6095927?
2
What is the tens digit of 4559432?
3
What is the millions digit of 3854357?
3
What is the ten thousands digit of 144341?
4
What is the tens digit of 468085?
8
What is the ten thousands digit of 5382840?
8
What is the hundreds digit of 118335?
3
What is the ten thousands digit of 29483509?
8
What is the units digit of 3257877?
7
What is the hundred thousands digit of 27871938?
8
What is the hundred thousands digit of 200048?
2
What is the hundred thousands digit of 1094837?
0
What is the tens digit of 334021?
2
What is the units digit of 266461?
1
What is the units digit of 140070?
0
What is the hundreds digit of 10475868?
8
What is the thousands digit of 730634?
0
What is the thousands digit of 104115?
4
What is the units digit of 29059114?
4
What is the thousands digit of 386633?
6
What is the ten thousands digit of 14281658?
8
What is the ten thousands digit of 4020484?
2
What is the hundreds digit of 125553?
5
What is the thousands digit of 107802?
7
What is the hundreds digit of 86443?
4
What is the ten thousands digit of 234920?
3
What is the units digit of 132516?
6
What is the millions digit of 35345655?
5
What is the ten thousands digit of 6913911?
1
What is the hundred thousands digit of 5924403?
9
What is the units digit of 130028?
8
What is the tens digit of 5268128?
2
What is the hundreds digit of 221863?
8
What is the hundred thousands digit of 14391352?
3
What is the thousands digit of 5110197?
0
What is the tens digit of 199388?
8
What is the units digit of 7023?
3
What is the units digit of 28349907?
7
What is the tens digit of 192632?
3
What is the tens digit of 56495?
9
What is the thousands digit of 8864229?
4
What is the ten millions digit of 20180014?
2
What is the units digit of 102190?
0
What is the hundred thousands digit of 645818?
6
What is the ten thousands digit of 550456?
5
What is the tens digit of 18585535?
3
What is the hundred thousands digit of 1718902?
7
What is the thousands digit of 142791?
2
What is the ten thousands digit of 10070100?
7
What is the units digit of 621728?
8
What is the ten thousands digit of 4768867?
6
What is the thousands digit of 2034230?
4
What is the units digit of 7041603?
3
What is the units digit of 391852?
2
What is the units digit of 26771250?
0
What is the tens digit of 14127706?
0
What is the millions digit of 10834104?
0
What is the millions digit of 7701841?
7
What is the hundred thousands digit of 9949634?
9
What is the ten thousands digit of 121486?
2
What is the hundred thousands digit of 9242387?
2
What is the hundred thousands digit of 948665?
9
What is the thousands digit of 5538673?
8
What is the hundred thousands digit of 11460112?
4
What is the thousands digit of 2680770?
0
What is the hundred thousands digit of 1866349?
8
What is the units digit of 846413?
3
What is the thousands digit of 216664?
6
What is the hundreds digit of 3027112?
1
What is the millions digit of 3285873?
3
What is the hundred thousands digit of 286673?
2
What is the hundreds digit of 811965?
9
What is the units digit of 339140?
0
What is the hundred thousands digit of 584278?
5
What is the thousands digit of 12741974?
1
What is the hundreds digit of 7077927?
9
What is the units digit of 270145?
5
What is the units digit of 1390341?
1
What is the hundred thousands digit of 199936?
1
What is the hundred thousands digit of 15012323?
0
What is the hundred thousands digit of 337068?
3
What is the thousands digit of 2366186?
6
What is the units digit of 280331?
1
What is the thousands digit of 369353?
9
What is the hundred thousands digit of 1780304?
7
What is the hundred thousands digit of 114838?
1
What is the ten thousands digit of 617065?
1
What is the ten thousands digit of 19097?
1
What is the ten thousands digit of 260131?
6
What is the hundred thousands digit of 16638097?
6
What is the units digit of 14680855?
5
What is the hundred thousands digit of 179055?
1
What is the units digit of 2688750?
0
What is the ten thousands digit of 651816?
5
What is the hundreds digit of 140813?
8
What is the tens digit of 178083?
8
What is the ten thousands digit of 2069319?
6
What is the hundreds digit of 166058?
0
What is the tens digit of 177339?
3
What is the millions digit of 8739966?
8
What is the millions digit of 18887456?
8
What is the tens digit of 312783?
8
What is the hundred thousands digit of 8456292?
4
What is the thousands digit of 311247?
1
What is the ten thousands digit of 11760?
1
What is the hundred thousands digit of 467658?
4
What is the hundred thousands digit of 4786655?
7
What is the units digit of 44493370?
0
What is the tens digit of 931202?
0
What is the millions digit of 4259468?
4
What is the millions digit of 3043653?
3
What is the ten thousands digit of 364485?
6
What is the tens digit of 6438455?
5
What is the ten millions digit of 14405015?
1
What is the ten thousands digit of 235166?
3
What is the ten thousands digit of 3682616?
8
What is the hundreds digit of 9615492?
4
What is the thousands digit of 3731531?
1
What is the ten thousands digit of 6394700?
9
What is the units digit of 420049?
9
What is the units digit of 675320?
0
What is the tens digit of 14485865?
6
What is the thousands digit of 3142738?
2
What is the tens digit of 18219763?
6
What is the hundred thousands digit of 603747?
6
What is the hundreds digit of 3526886?
8
What is the units digit of 438623?
3
What is the thousands digit of 203005?
3
What is the ten thousands digit of 2474349?
7
What is the units digit of 2015262?
2
What is the millions digit of 1159057?
1
What is the thousands digit of 374324?
4
What is the units digit of 19761129?
9
What is the tens digit of 284694?
9
What is the hundreds digit of 790961?
9
What is the units digit of 11806?
6
What is the hundreds digit of 275305?
3
What is the ten thousands digit of 272058?
7
What is the thousands digit of 1242738?
2
What is the units digit of 346174?
4
What is the ten thousands digit of 820509?
2
What is the tens digit of 420132?
3
What is the ten thousands digit of 33816?
3
What is the tens digit of 322081?
8
What is the thousands digit of 376491?
6
What is the hundreds digit of 99251?
2
What is the hundreds digit of 567187?
1
What is the thousands digit of 15888?
5
What is the thousands digit of 792712?
2
What is the millions digit of 3045080?
3
What is the ten thousands digit of 186537?
8
What is the ten thousands digit of 120982?
2
What is the hundred thousands digit of 2452502?
4
What is the hundreds digit of 34181?
1
What is the units digit of 10863021?
1
What is the ten thousands digit of 534762?
3
What is the units digit of 9676759?
9
What is the units digit of 28656?
6
What is the units digit of 569942?
2
What is the units digit of 2078612?
2
What is the millions digit of 1014458?
1
What is the hundred thousands digit of 3977649?
9
What is the thousands digit of 111297?
1
What is the ten millions digit of 21886745?
2
What is the hundred thousands digit of 348180?
3
What is the tens digit of 3320156?
5
What is the millions digit of 1757878?
1
What is the hundreds digit of 745389?
3
What is the thousands digit of 787445?
7
What is the hundr